8
Let q(c) = c**2 + 10*c - 16. Give q(-13).
23
Let x(y) = 12*y**3 + y**2 + 2*y + 2. Determine x(-1).
-11
Let j(l) = 5*l - 36. Give j(6).
-6
Let a(k) = -8*k + 9. Calculate a(8).
-55
Let r(v) = -5*v - 9. Give r(-2).
1
Let d(x) = x - 2. Calculate d(-7).
-9
Let b(x) = x**3 + 8*x**2 - 63*x + 29. Calculate b(-13).
3
Let t(h) = 8*h + 39. What is t(-2)?
23
Let k(r) = -r**2 + 3*r - 9. Calculate k(4).
-13
Let n(u) = -2*u**2 + 54*u + 9. Give n(27).
9
Let t(d) = 8*d + 4. Give t(7).
60
Let m(w) = -w**2 + 13*w - 4. Give m(15).
-34
Let b(y) = 5*y**2 - y + 2. Give b(3).
44
Let v(n) = -2*n**2 - 95*n + 59. Calculate v(-48).
11
Let h(x) = x**2 - 3*x - 13. Calculate h(-4).
15
Let g(o) = -o**3 - 8*o**2 - 12*o - 2. Calculate g(-6).
-2
Let f(u) = u**3 - 3*u**2 - 3*u + 4. What is f(1)?
-1
Let y(r) = r**2 + 6. Calculate y(0).
6
Let h(f) = f**3 - 17*f**2 + 31*f - 18. What is h(15)?
-3
Let n(g) = g**3 - 6*g**2 - 16*g + 105. Calculate n(5).
0
Let u(x) = 2*x**2 - x - 6. Give u(3).
9
Let s(z) = 3*z - 10. Give s(-5).
-25
Let h(o) = 12*o - 3. Determine h(-3).
-39
Let y(k) = -34*k - 132. Calculate y(-4).
4
Let a(q) = q**2 + q - 21. Calculate a(4).
-1
Let g(b) = b**3 - 12*b**2 + 10*b - 9. Determine g(11).
-20
Let s(l) = -l**3 + 15*l**2 + 6*l - 4. Calculate s(15).
86
Let p(t) = 14*t**2 - t - 2. Determine p(-1).
13
Let z(q) = -2*q + 5. Give z(4).
-3
Let o(u) = u**2 + 23. Give o(0).
23
Let r(q) = -q**2 - q + 6. What is r(3)?
-6
Let n(r) = -7*r + 121. Determine n(17).
2
Let j(k) = k**3 - 20*k. Give j(-4).
16
Let g(c) = c + 1. Calculate g(3).
4
Let b(v) = v**3 + 10*v**2 + 33*v + 9. What is b(-5)?
-31
Let s(h) = -2*h**2 + 57*h + 86. What is s(30)?
-4
Let z(j) = 5*j**3 - j**2 - 1. What is z(-1)?
-7
Let w(j) = 2*j**2 + 10*j - 3. Give w(-5).
-3
Let f(x) = 15*x - 5. What is f(1)?
10
Let h(m) = 8*m + 229. Give h(-25).
29
Let x(i) = -2*i**2 + 22*i - 58. Determine x(3).
-10
Let x(o) = -6*o**2 - 4*o + 8. What is x(3)?
-58
Let n(x) = 8*x + 2. Give n(2).
18
Let i(f) = f**3 + 4*f**2 + 7*f + 5. Calculate i(-4).
-23
Let o(m) = -2*m**3 - 4*m**2 + m + 4. What is o(-3)?
19
Let n(w) = w**2 - 10*w - 3. Determine n(11).
8
Let b(d) = -d**3 + 12*d**2 - 23*d + 25. Give b(10).
-5
Let y(l) = l**2 + 11*l + 30. Give y(-6).
0
Let j(c) = 11*c + 255. Calculate j(-24).
-9
Let b(l) = -l**2 + 33*l - 140. What is b(28)?
0
Let a(c) = -14*c + 114. Calculate a(17).
-124
Let j(y) = y**3 - 5*y**2 - 10*y - 17. Give j(7).
11
Let y(k) = 3*k**2 - 3*k - 20. Give y(-5).
70
Let u(l) = l**3 - 4*l**2 + 11*l - 9. Calculate u(4).
35
Let o(c) = -c**3 - 12*c**2 + 11*c - 54. Determine o(-13).
-28
Let m(n) = 2*n + 126. Give m(-29).
68
Let y(x) = -4*x**2 + 24*x - 14. Give y(6).
-14
Let l(r) = 14*r**2 - 19*r - 4. What is l(2)?
14
Let z(b) = -b**3 - 21*b**2 + 21*b + 10. What is z(-22)?
32
Let y(n) = -n**2 - 6. What is y(0)?
-6
Let c(h) = h**2 + 6*h + 40. What is c(-5)?
35
Let l(d) = d**3 + 2*d**2 - 4*d + 3. What is l(2)?
11
Let f(r) = -2*r - 1. Calculate f(7).
-15
Let n(b) = -3*b**2 - 13*b + 6. Calculate n(-2).
20
Let f(i) = -5*i**2 - 38*i + 3. Determine f(-6).
51
Let t(g) = -5*g + 39. What is t(13)?
-26
Let c(b) = b**3 + b**2 - 7*b - 4. Calculate c(-4).
-24
Let x(i) = -i**3 - 10*i**2 - i - 6. Determine x(-10).
4
Let c(b) = -15*b**2 + 12*b + 12. Give c(-1).
-15
Let d(v) = -21*v + 294. Calculate d(14).
0
Let z(l) = 5*l + 4. Calculate z(1).
9
Let x(t) = 5*t + 42. Determine x(-9).
-3
Let l(x) = 5*x - 4. Determine l(-8).
-44
Let m(d) = -17*d**2 - 5*d + 6. What is m(3)?
-162
Let s(j) = -j**3 - 7*j**2 - 8*j - 9. Give s(-7).
47
Let z(c) = c**3 - 6*c**2 - 5. Calculate z(6).
-5
Let s(n) = 13*n + 23. Determine s(-5).
-42
Let d(h) = h**3 - 14*h**2 + 16*h + 14. Calculate d(13).
53
Let z(s) = -15*s**2 + 19*s + 36. Give z(-2).
-62
Let f(b) = 6*b + 3. What is f(5)?
33
Let n(p) = -5*p**2 + 99*p + 31. What is n(20)?
11
Let j(f) = f**2 - 7*f - 37. Determine j(-5).
23
Let w(f) = -50*f**3 - f**2. What is w(-1)?
49
Let k(b) = -2*b**3 - 42*b**2 - 2*b - 48. Determine k(-21).
-6
Let p(a) = 2*a**2 - 5*a + 3. What is p(3)?
6
Let m(v) = 8*v - 30. Give m(4).
2
Let f(s) = 2*s**2 - 4*s - 10. Determine f(3).
-4
Let m(n) = -n - 4. Determine m(-12).
8
Let l(i) = -i**3 + i**2 + 10*i + 8. What is l(4)?
0
Let n(d) = 2*d**2 + 18*d + 9. Determine n(-9).
9
Let k(b) = -b**3 + 5*b**2 + 2*b. Determine k(5).
10
Let s(o) = -17*o + 531. Give s(31).
4
Let g(a) = a**2 + 17*a + 38. Determine g(-15).
8
Let q(p) = p - 15. Determine q(0).
-15
Let h(p) = -p**2 - 10*p + 3. Determine h(-10).
3
Let b(l) = -l**2 - 25*l - 138. Give b(-9).
6
Let v(z) = 3*z + 5. What is v(5)?
20
Let c(v) = -41*v - 4. Calculate c(-4).
160
Let n(c) = -c**2 + 19*c - 27. Give n(18).
-9
Let j(n) = -n**3 + 2*n**2 - 4*n - 3. Give j(3).
-24
Let x(w) = w**2 - 2*w - 27. Determine x(0).
-27
Let a(w) = -55*w + 116. Determine a(2).
6
Let m(v) = -v**3 + 25*v**2 - 48*v + 50. Give m(23).
4
Let a(c) = c**3 + 15*c**2 - 36*c - 35. Determine a(-17).
-1
Let i(u) = u**3 + 8*u**2 - 2*u - 12. Give i(-8).
4
Let l(y) = y**3 + 10*y**2 + 5*y + 29. Give l(-10).
-21
Let g(h) = -h**2 + 94*h + 285. Give g(-3).
-6
Let b(k) = k + 3. What is b(2)?
5
Let o(h) = 11*h - 32. Determine o(4).
12
Let o(h) = h**3 - 11*h**2 - h + 25. Give o(11).
14
Let l(w) = w**3 + 13*w**2 + 23*w + 1. What is l(-11)?
-10
Let d(i) = 2*i**2 + 5*i - 27. Calculate d(-7).
36
Let z(q) = q**3 + 20*q**2 - 43*q - 21. Determine z(-22).
-43
Let y(q) = 13*q + 14. Calculate y(2).
40
Let q(s) = -s**2 - 12*s - 19. Give q(-9).
8
Let y(l) = -l**3 - 10*l**2 - 12*l + 6. Calculate y(-7).
-57
Let c(b) = 21*b + 69. What is c(-3)?
6
Let f(l) = -6*l + 1. Calculate f(-2).
13
Let a(n) = -n**2 + 18*n + 1. What is a(18)?
1
Let y(n) = -n**3 + 7*n**2 + 2*n - 15. Calculate y(7).
-1
Let f(l) = -l**3 - 7*l**2 + l + 8. What is f(-7)?
1
Let s(j) = j**3 - 8*j**2 + 3*j + 2. Give s(8).
26
Let w(o) = -9*o - 44. What is w(-5)?
1
Let v(o) = -o**3 - 4*o**2 + 2. Determine v(-4).
2
Let y(t) = -t**2 - 14*t - 21. What is y(-10)?
19
Let y(i) = -32*i - 929. Give y(-29).
-1
Let r(n) = -3*n - 12. Calculate r(-11).
21
Let f(n) = n**3 + 5*n**2 + 4*n + 1. Calculate f(-4).
1
Let y(q) = q**2 + 24*q - 4. Calculate y(-25).
21
Let c(s) = -44*s + 4. Give c(-1).
48
Let i(b) = b**2 + 14*b + 16. Determine i(-13).
3
Let c(k) = -k**2 - 26*k - 27. Give c(-25).
-2
Let n(x) = -x**3 + 4*x**2 - 2*x + 6. Give n(5).
-29
Let s(m) = -m**3 - 4*m**2 + 5*m + 3. What is s(-6)?
45
Let g(i) = i**3 + 24*i**2 - 52*i + 7. Give g(-26).
7
Let z(w) = -w**2 - 7*w + 49. What is z(-11)?
5
Let x(z) = -33*z + 4. Calculate x(1).
-29
Let i(d) = 4*d - 23. Calculate i(9).
13
Let z(i) = -3*i**3 - i**2 + 9*i + 12. Calculate z(-2).
14
Let f(q) = q**3 - 4*q**2 - q + 1. Give f(4).
-3
Let z(t) = -6*t - 25. Calculate z(-2).
-13
Let r(m) = 4*m + 71. Determine r(-16).
7
Let c(d) = d**2 - 19*d + 83. Determine c(13).
5
Let u(l) = -l**3 - 5*l**2 - 6*l - 3. What is u(-4)?
5
Let m(o) = -8*o + 58. What is m(6)?
10
Let s(b) = -b**2 + 21*b - 27. Give s(19).
11
Let q(c) = -2*c**3 - 24*c**2 + 25*c - 13. What is q(-13)?
0
Let w(b) = -b**2 + 9*b - 23. Determine w(6).
-5
Let s(b) = b - 17. Calculate s(8).
-9
Let r(d) = -d**2 - 4*d - 13. Calculate r(-5).
-18
Let z(i) = i**3 - 49*i**2 + 48*i - 1. Determine z(48).
-1
Let r(h) = -139*h + 558. Give r(4).
2
Let s(l) = l**3 + 5*l**2 - 49*l - 8. What is s(5)?
-3
Let d(n) = -43*n - 222. Determine d(-5).
-7
Let d(g) = 7*g + 27. Give d(-4).
-1
Let m(p) = p**2 + 13*p - 7. Determine m(-13).
-7
Let q(o) = -2*o**2 - 6*o - 3. Calculate q(-4).
-11
Let f(i) = -2*i**3 + 29*i**2 + 14*i + 14. Give f(15).
-1
Let x(j) = j**3 - 7*j**2 + 6*j - 33. Give x(7).
9
Let g(f) = -f**2 + f + 1. What is g(6)?
-29
Let n(t) = 8*t + 4. Give n(-7).
-52
Let j(c) = -c + 10. Give j(-6).
16
Let n(z) = z**2 + 22*z - 95. Give n(-26).
9
Let b(t) = t**2 - 4*t - 27. What is b(8)?
5
Let j(n) = -n**2 + 7. Calculate j(-7).
-42
Let t(u) = -5*u**2 - 4*u + 16. Give t(2).
-12
Let o(p) = 7*p**2 + 19*p + 33. Determine o(-2).
23
Let h(i) = -i**3 - 20*i**2 - 17*i + 42. What is h(-19)?
4
Let v(i) = i**3 - 13*i**2 + 11*i + 7. What is v(12)?
-5
Let m(k) = -k**3 - 10*k**2 + 10*k + 8. Calculate m(-12).
176
Let c(f) = f**2 - 33*f + 220. What is c(11)?
-22
Let c(w) = w**3 - 6*w**2 + 14*w + 8. What is c(4)?
32
Let n(d) = 6*d + 38. What is n(-13)?
-40
Let l(j) = j**3 + 16*j**2 - 33*j + 67. Calcul